n divisor of 5530 and 420.
70
What is the highest common divisor of 17934 and 588?
294
Calculate the highest common divisor of 124 and 160.
4
What is the highest common factor of 89 and 801?
89
What is the greatest common divisor of 2188 and 40?
4
What is the highest common factor of 34765 and 170?
85
Calculate the greatest common factor of 217 and 465.
31
Calculate the greatest common factor of 20 and 2420.
20
What is the highest common divisor of 442 and 26?
26
Calculate the highest common divisor of 6776 and 448.
56
What is the greatest common factor of 17 and 9673?
17
What is the greatest common divisor of 445 and 5?
5
Calculate the greatest common factor of 12 and 26484.
12
Calculate the highest common divisor of 28 and 476.
28
What is the highest common divisor of 340 and 204?
68
What is the greatest common divisor of 784 and 16?
16
What is the highest common factor of 1136 and 497?
71
What is the highest common factor of 15 and 85?
5
What is the greatest common divisor of 3321 and 162?
81
What is the highest common factor of 6 and 1983?
3
What is the greatest common divisor of 1139 and 34?
17
Calculate the greatest common factor of 91 and 52.
13
Calculate the greatest common factor of 13 and 3.
1
What is the greatest common factor of 323 and 51?
17
What is the highest common divisor of 405 and 441?
9
Calculate the greatest common factor of 56 and 273.
7
Calculate the highest common factor of 2 and 54.
2
Calculate the highest common factor of 16 and 184.
8
What is the greatest common divisor of 154 and 42?
14
What is the greatest common divisor of 35 and 385?
35
Calculate the highest common factor of 14 and 364.
14
What is the highest common factor of 170 and 272?
34
What is the highest common factor of 406 and 4263?
203
What is the greatest common divisor of 140 and 70?
70
Calculate the highest common factor of 326 and 10.
2
What is the greatest common divisor of 1245 and 9?
3
What is the highest common divisor of 10 and 9910?
10
Calculate the highest common factor of 221 and 143.
13
What is the highest common factor of 14 and 20678?
14
Calculate the greatest common divisor of 92 and 161.
23
Calculate the highest common divisor of 42 and 350.
14
Calculate the highest common divisor of 4 and 1128.
4
What is the highest common factor of 81 and 198?
9
Calculate the highest common divisor of 142 and 1278.
142
Calculate the greatest common divisor of 416 and 13.
13
Calculate the highest common factor of 18 and 49158.
18
What is the greatest common factor of 1608 and 48?
24
What is the greatest common divisor of 2008 and 8?
8
What is the highest common factor of 337 and 6?
1
What is the highest common factor of 675 and 120?
15
Calculate the highest common divisor of 1378 and 265.
53
Calculate the highest common factor of 11542 and 58.
58
What is the highest common factor of 84 and 1106?
14
What is the highest common divisor of 18 and 486?
18
Calculate the highest common divisor of 30 and 435.
15
Calculate the highest common divisor of 368 and 23.
23
Calculate the highest common divisor of 25 and 275.
25
Calculate the greatest common divisor of 1457 and 93.
31
Calculate the greatest common factor of 1261 and 13.
13
Calculate the greatest common factor of 28 and 1.
1
Calculate the greatest common factor of 19 and 1919.
19
Calculate the greatest common divisor of 231 and 726.
33
What is the greatest common factor of 494 and 114?
38
Calculate the greatest common factor of 5103 and 63.
63
What is the highest common divisor of 850 and 2142?
34
Calculate the greatest common factor of 923 and 91.
13
Calculate the highest common factor of 115 and 10.
5
What is the highest common divisor of 106 and 901?
53
Calculate the greatest common divisor of 3612 and 84.
84
Calculate the highest common factor of 481 and 13.
13
What is the greatest common factor of 38340 and 20?
20
Calculate the greatest common factor of 182 and 14.
14
What is the greatest common divisor of 33 and 9?
3
Calculate the greatest common divisor of 1781 and 959.
137
What is the greatest common factor of 40 and 35?
5
Calculate the greatest common divisor of 60 and 260.
20
What is the greatest common factor of 1890 and 770?
70
What is the highest common divisor of 225 and 216?
9
Calculate the highest common factor of 1236 and 372.
12
What is the highest common divisor of 120 and 96?
24
Calculate the highest common divisor of 7006 and 186.
62
What is the greatest common divisor of 104 and 16?
8
What is the highest common factor of 144 and 88?
8
Calculate the greatest common factor of 27 and 2.
1
What is the highest common divisor of 1211 and 105?
7
Calculate the greatest common factor of 9353 and 94.
47
What is the highest common divisor of 11130 and 53?
53
Calculate the highest common factor of 21 and 497.
7
What is the highest common factor of 799 and 4841?
47
Calculate the highest common divisor of 468 and 1092.
156
Calculate the greatest common divisor of 60 and 3525.
15
What is the greatest common factor of 2884 and 28?
28
Calculate the highest common factor of 247 and 351.
13
What is the highest common divisor of 578 and 2?
2
Calculate the greatest common divisor of 369 and 41.
41
What is the highest common factor of 19337 and 317?
317
What is the highest common divisor of 125 and 7750?
125
Calculate the greatest common factor of 52 and 130.
26
What is the highest common factor of 5172 and 3?
3
Calculate the highest common factor of 116 and 880.
4
What is the highest common divisor of 99 and 4851?
99
What is the highest common factor of 252 and 324?
36
What is the highest common factor of 7290 and 30?
30
What is the greatest common divisor of 3346 and 14?
14
What is the greatest common factor of 286 and 208?
26
What is the highest common factor of 190 and 10735?
95
What is the greatest common divisor of 5837 and 39?
13
Calculate the highest common divisor of 160 and 100.
20
Calculate the highest common factor of 6516 and 324.
36
Calculate the greatest common divisor of 1280 and 430.
10
Calculate the highest common divisor of 49 and 1421.
49
What is the highest common divisor of 707 and 7?
7
What is the highest common factor of 420 and 1960?
140
Calculate the greatest common factor of 2 and 1604.
2
What is the greatest common factor of 6 and 606?
6
What is the greatest common divisor of 19 and 49?
1
Calculate the highest common divisor of 3399 and 11.
11
What is the highest common divisor of 442 and 901?
17
Calculate the highest common factor of 16 and 2776.
8
What is the greatest common divisor of 180 and 36?
36
Calculate the highest common divisor of 960 and 400.
80
What is the greatest common factor of 75 and 375?
75
Calculate the greatest common factor of 1260 and 990.
90
Calculate the highest common divisor of 9 and 432.
9
What is the highest common factor of 355 and 20?
5
What is the highest common factor of 40 and 1060?
20
What is the greatest common factor of 124 and 30132?
124
Calculate the greatest common divisor of 986 and 34.
34
Calculate the greatest common divisor of 900 and 230.
10
What is the greatest common divisor of 95 and 2375?
95
Calculate the highest common factor of 936 and 26.
26
What is the greatest common divisor of 93 and 6?
3
Calculate the highest common divisor of 975 and 7995.
195
Calculate the highest common divisor of 55 and 88.
11
What is the greatest common factor of 2 and 302?
2
What is the highest common factor of 779 and 380?
19
Calculate the highest common factor of 14628 and 322.
46
What is the highest common factor of 713 and 1519?
31
Calculate the greatest common factor of 325 and 125.
25
What is the highest common divisor of 1827 and 126?
63
Calculate the greatest common divisor of 264 and 96.
24
Calculate the greatest common divisor of 51 and 595.
17
What is the greatest common divisor of 220 and 99?
11
Calculate the highest common divisor of 2500 and 20.
20
Calculate the greatest common factor of 40 and 280.
40
Calculate the highest common factor of 20 and 15380.
20
Calculate the highest common factor of 111 and 2294.
37
Calculate the greatest common divisor of 1393 and 161.
7
What is the greatest common divisor of 332 and 2241?
83
Calculate the highest common divisor of 54 and 1068.
6
Calculate the highest common divisor of 146 and 1051